?
4
What is the highest common divisor of 105963 and 11427?
39
Calculate the greatest common factor of 18891196 and 4.
4
What is the highest common factor of 1786 and 222718?
38
What is the highest common divisor of 12997 and 13776?
41
Calculate the highest common divisor of 730 and 5210375.
365
What is the highest common factor of 1253 and 171661?
1253
What is the highest common divisor of 130224 and 9867181?
2713
Calculate the greatest common factor of 10 and 58931720.
10
Calculate the highest common factor of 4069297 and 17153.
1009
Calculate the greatest common factor of 5520 and 4033280.
1840
Calculate the highest common factor of 85806 and 91854.
378
What is the greatest common divisor of 4788 and 13188?
84
What is the highest common divisor of 4750484546 and 458?
458
What is the greatest common divisor of 18208 and 292016?
16
What is the greatest common divisor of 357371101 and 331?
331
Calculate the highest common factor of 118548 and 3897.
9
Calculate the greatest common divisor of 69 and 16454844.
69
What is the greatest common divisor of 59349 and 157722?
813
Calculate the highest common divisor of 24765014 and 472.
118
What is the greatest common divisor of 388266250 and 811?
811
What is the greatest common divisor of 1195 and 5523529?
239
What is the highest common divisor of 41541 and 10812237?
681
Calculate the greatest common factor of 216007 and 143.
11
What is the highest common factor of 60096645 and 1260?
315
Calculate the highest common divisor of 8585 and 2008211785.
8585
What is the greatest common factor of 6953669 and 497?
71
Calculate the highest common divisor of 3888240 and 90.
30
Calculate the highest common divisor of 14355968 and 2549.
2549
Calculate the greatest common factor of 20 and 15624.
4
What is the highest common divisor of 54897 and 7140351?
87
Calculate the greatest common factor of 20361 and 2469.
3
What is the greatest common divisor of 49970908 and 52?
52
What is the highest common divisor of 102297 and 14061?
129
What is the greatest common factor of 6856 and 40383554?
1714
Calculate the greatest common factor of 46483 and 1499453.
43
Calculate the greatest common divisor of 402705 and 7401294.
4239
What is the highest common divisor of 21022720 and 128000?
5120
What is the highest common factor of 600 and 53396600?
200
What is the greatest common factor of 29744 and 1804348?
52
What is the highest common factor of 67361 and 37751?
7
What is the highest common factor of 114050354 and 44?
22
What is the greatest common factor of 49392 and 2474136?
504
What is the highest common factor of 712643 and 388925?
331
Calculate the greatest common factor of 1402383 and 892756.
727
What is the greatest common factor of 36935344 and 8?
8
Calculate the highest common divisor of 29470528 and 256.
64
What is the greatest common divisor of 4796 and 278366?
22
Calculate the greatest common factor of 1700 and 1158412300.
1700
Calculate the greatest common factor of 19110 and 16315.
65
What is the highest common factor of 21925783 and 154715?
1067
Calculate the greatest common factor of 135219 and 4767189.
2877
What is the highest common divisor of 17017 and 1807729?
1309
Calculate the greatest common factor of 17070 and 597035.
5
What is the highest common divisor of 14 and 59563?
7
Calculate the greatest common factor of 146 and 8975398618.
146
What is the greatest common divisor of 200758800 and 1320?
1320
What is the highest common factor of 45826 and 36664966?
4166
What is the highest common divisor of 35270622 and 90?
18
Calculate the highest common divisor of 16036 and 1341116.
844
Calculate the highest common factor of 1042 and 1521979586.
1042
Calculate the highest common divisor of 4755 and 15143090.
1585
Calculate the highest common factor of 6018 and 41694.
6
What is the highest common factor of 2250 and 370375?
125
What is the greatest common divisor of 291123918 and 1332?
666
What is the greatest common factor of 346075 and 2853075?
2725
What is the greatest common factor of 240 and 74674000?
80
What is the greatest common divisor of 8 and 690866?
2
Calculate the highest common factor of 2862 and 473094.
54
What is the highest common factor of 84938208 and 57?
57
What is the highest common factor of 69746482 and 22074?
7358
What is the greatest common divisor of 44288 and 431116?
692
What is the highest common factor of 13734 and 39963978?
1962
Calculate the greatest common factor of 442 and 16752905.
221
Calculate the greatest common divisor of 153088 and 3699904.
832
Calculate the highest common divisor of 198928 and 136.
8
Calculate the greatest common divisor of 1616673 and 76340.
347
Calculate the highest common factor of 806 and 27441479.
403
Calculate the highest common divisor of 53579374 and 39606.
1886
Calculate the highest common divisor of 462675 and 182085.
2985
Calculate the highest common divisor of 25527915 and 756.
63
Calculate the highest common factor of 3456 and 258660.
108
What is the highest common factor of 26 and 176337629?
13
Calculate the greatest common factor of 3649366 and 126862.
926
Calculate the greatest common divisor of 7407036 and 110250.
882
What is the greatest common divisor of 361329 and 5160?
129
What is the highest common divisor of 22553006 and 28?
14
What is the highest common factor of 1777560 and 1230?
30
What is the greatest common factor of 3487689 and 66789?
1629
Calculate the highest common divisor of 576729256 and 712.
712
What is the greatest common factor of 16716 and 489?
3
Calculate the greatest common divisor of 2598 and 24319878.
2598
What is the greatest common divisor of 153170 and 1088090?
530
Calculate the greatest common divisor of 738176 and 113760.
2528
Calculate the highest common divisor of 42 and 10397016.
42
What is the highest common factor of 5668432 and 5136?
1712
What is the greatest common divisor of 2243 and 113163836?
2243
Calculate the highest common factor of 18839657 and 61726.
4409
What is the greatest common divisor of 486 and 11860020?
162
Calculate the greatest common divisor of 19608 and 100723845.
2451
Calculate the highest common factor of 7412 and 2738.
2
Calculate the greatest common divisor of 52900640 and 3770.
3770
What is the greatest common factor of 4972 and 111997916?
452
What is the greatest common factor of 240 and 15491056?
16
Calculate the highest common divisor of 36615975 and 825.
825
What is the greatest common divisor of 530537 and 1273?
19
What is the highest common factor of 9876284 and 1276?
44
What is the highest common factor of 187044 and 552?
12
Calculate the highest common divisor of 2156334552 and 72.
72
What is the greatest common factor of 41839 and 14922901?
973
Calculate the greatest common divisor of 1882 and 5758.
2
Calculate the greatest common factor of 1356648 and 5868.
12
Calculate the highest common divisor of 12 and 3399378132.
12
Calculate the greatest common divisor of 188 and 310769593.
47
Calculate the greatest common divisor of 359967862 and 13602.
4534
What is the highest common factor of 27428819 and 473?
11
What is the highest common factor of 69778462 and 26?
26
What is the greatest common factor of 4367317016 and 694?
694
Calculate the greatest common divisor of 10684 and 361458417.
2671
Calculate the highest common divisor of 312 and 7222956.
156
What is the greatest common factor of 3697 and 31132437?
3697
What is the greatest common factor of 1102 and 25669872?
58
What is the highest common factor of 3098003 and 5484?
457
Calculate the highest common divisor of 3125674 and 85131.
1051
Calculate the greatest common factor of 324 and 1512207792.
324
What is the greatest common factor of 95038035 and 15?
15
Calculate the greatest common divisor of 2563057 and 7.
7
Calculate the greatest common divisor of 172049628 and 12276.
372
What is the greatest common factor of 668465 and 280?
35
Calculate the greatest common factor of 1708965 and 1245.
15
What is the highest common divisor of 1895 and 245309645?
1895
Calculate the highest common divisor of 53550 and 76768650.
3150
Calculate the greatest common factor of 11667 and 120329549.
3889
Calculate the greatest common divisor of 3 and 51762471.
3
What is the greatest common factor of 11810 and 760030?
10
Calculate the hig